he third derivative of 1/6*s**4 + 1/20*s**5 + 1/120*s**6 + 0 + 1/2*s**3 - 137*s**2 + 0*s. Give g(-3).
-9
Let o(n) be the third derivative of 1/6*n**3 + 0 + 4*n**2 + 0*n - 1/24*n**4. Calculate o(-8).
9
Let g(t) = 2*t - 21. Let w = 5765 - 5761. Give g(w).
-13
Let s = 83 - 82. Let y(c) = c**2 + 4*c + 2. Let l(k) = -k. Let h(v) = s*y(v) + 4*l(v). Let b = 3 + -1. What is h(b)?
6
Suppose -23*o + 65 = -4. Let b(r) = -2307 + 2305 - o*r - 5*r. Determine b(-1).
6
Let o = 40 - 42. Let p be 15*o/18*3. Let a be 2*(4 + p) + -2. Let t(d) = d + 3. Calculate t(a).
-1
Let r(f) be the third derivative of f**5/60 - f**4/8 + 2*f**3/3 + 7628*f**2. Calculate r(-7).
74
Suppose 17*n - 1 = 18*n, 5*w + 3*n = 7. Let b(s) = 534*s**2 - 24*s - 536*s**w + 15 + s. Calculate b(-12).
3
Let f(c) = 4*c**2 - 3*c - 2. Let i be 6/(-20)*4 - (-2)/10. Give f(i).
5
Let o(q) be the second derivative of q**4/12 - q**3/2 - q**2 - 17*q. Let w = 34 + -43. Let d(h) = 5*h**2 + 44*h - 3. Let n be d(w). Determine o(n).
16
Let z(a) = -38*a**3 - 2*a**2 + 4*a - 2. Suppose -2*c + 3*o = -2, 0 = -2*c + 8*o - 7*o + 2. What is z(c)?
-38
Suppose 6*t = -7*t + 39. Let a(o) = -t*o**2 + 24*o**2 + 7 + 0 - 5 - 3*o - 12*o**2. Give a(1).
8
Let k(n) = n**2 + 7*n - 5. Let b(a) = -a**2 - 9*a + 5. Let f be (-28)/8*8/7. Let i(q) = f*b(q) - 5*k(q). Determine i(4).
-7
Let n(w) = 177*w**3 - 125 - 552*w**3 - 5*w + 24*w**2 + 202*w**3 + 174*w**3. Give n(-24).
-5
Suppose -13*u + 279*j + 35 = 282*j, 4*j = 12. Let s(b) = -4*b**2 + 18*b - 26. What is s(u)?
-6
Suppose -7*c + 5*n + 98 = 0, -2*n + 13 + 0 = 3*c. Let g(h) = -4*h**2 + 33*h + 35. Give g(c).
8
Suppose 3*z = 5*t - t - 17, -2*z - 3*t - 17 = 0. Suppose 8*r = 5*r + 66. Let s(p) = -p + 10 + 6*p - 21*p**2 + r*p**2. What is s(z)?
24
Let x(k) be the first derivative of 5/12*k**4 - 1/20*k**5 + 7/6*k**3 - 46*k + 33 - 2*k**2. Let b(m) be the first derivative of x(m). Calculate b(6).
2
Let p(s) = -2*s - 2. Suppose -2*c + 48 = -4*a, -4 = 4*a + c + 44. Let q(t) = -t**3 - 11*t**2 + 10*t - 18. Let l be q(a). Determine p(l).
-14
Let m(d) = 2 - d - 2*d**2 + 0 + 3 - 1. Suppose 5*o + 4 - 14 = 0. Suppose -4*h + 0 - 2 = o*c, 5*c - 16 = -3*h. Give m(h).
-11
Let j(t) = 5*t**3 + 28*t**2 + 12*t + 10. Let n(m) = -11*m**3 - 65*m**2 - 26*m - 19. Let q(i) = -9*j(i) - 4*n(i). Calculate q(7).
7
Let k(p) = -p**2 + 10*p + 14. Let i be k(11). Let m(s) = -7*s**2 + 2 - 3 - 10*s**3 - s + 9*s**i. Determine m(-7).
6
Suppose -5*g + 3*y + 2 = -0*g, -3*g - 3*y + 30 = 0. Let p(h) = 2*h**2 - 2*h + 19. Calculate p(g).
43
Let f be (1 - 0)*-6*7*-1. Suppose 5*k = -2*k + f. Let q be (0 + k)*(11/3 - 3). Let x(r) = r**2 - 3*r + 3. Calculate x(q).
7
Suppose -4*o = x - 15, 2288*o + 30 = -4*x + 2287*o. Let l(r) = -r**2 - 5*r + 5. Determine l(x).
-31
Let g(b) = -b**3 - 8*b**2 - 7*b - 6. Let w be g(-7). Let t(i) be the third derivative of -1/12*i**4 - 1/3*i**3 + 0*i - 85*i**2 + 0. Give t(w).
10
Let k(b) be the second derivative of b**4/4 - b**3/2 + b**2/2 + 201*b. Determine k(1).
1
Let n(w) = 2*w**3 + 17*w**2 + 8*w + 8. Let j be n(-8). Let o(g) = -13 - 46*g + 17*g + 15*g + 15*g. What is o(j)?
-5
Suppose -3*c - 2*c = 20. Let d(n) = -3*n**2 - 442886*n + 442880*n + 2*n**2 - 1. Calculate d(c).
7
Suppose -611 = -12*h - 1159 + 596. Let b(o) = 8*o + 33. What is b(h)?
65
Let w(p) = 4*p - 11. Let f(n) = 5*n - 10. Let k(s) = 2*f(s) - 3*w(s). Let q(x) = x + 2. Let t(d) = -k(d) + 5*q(d). Let v = 6 + -4. Determine t(v).
11
Suppose 3*f - 64 = 33*o - 38*o, 48 = 6*o. Let w(q) = -6*q + 51. Determine w(f).
3
Let j(h) = h**2 + 8*h - 4. Suppose -p = -63*i + 61*i + 12, 2*i = -5*p + 12. Give j(p).
-4
Let n(f) = -5*f**2 + 2*f - 2. Let g be (-7 - 88)/(1 - 0). Let a = g - -96. Give n(a).
-5
Let q(z) = -7*z + 11. Suppose -h + 27*h - 265 = -27*h. What is q(h)?
-24
Let f(z) = z**3 - 4*z**2 + 6*z - 4. Let d(u) = u**3 - 5*u + 8. Let x be d(2). Suppose -x*t = t - 28. Give f(t).
20
Let n(i) = 40*i**3 + 37*i**2 + 8*i - 27. Let o(j) = 27*j**3 + 37*j**2 + 5*j - 27. Let f(w) = 2*n(w) - 3*o(w). Give f(-37).
-10
Let y(t) = 2*t + 6. Suppose -2*b - 3*u + 13 + 8 = 0, 3*b - 19 = -2*u. Suppose -s + 8*o - 5*o - 3 = 0, 14 = -b*s + 4*o. Give y(s).
-6
Let c(g) = 2*g**2 - 8*g + 2. Suppose 15*m - 72 - 18 = 0. Let u be m/(-1) + 8 + 1. Calculate c(u).
-4
Let r(n) = -n**2 + 5*n + 10. Suppose -59*g + 12*g = -56 - 132. Calculate r(g).
14
Let k be (3 - (-5 + 9))/((-1)/(-2)). Let d be 59 + k/(6/9). Let t(q) = 32*q + 3 + 30*q - d*q. What is t(-2)?
-9
Let w(r) = r**2 + 8*r + 6. Let x be (-2)/(-1) + (0 - -4) + -1. Suppose 3*a = x*a + 10. What is w(a)?
-9
Suppose 0 = -3*d + k - 9, 4*d - 2*k + 0*k = -10. Let f be (d/(-10))/(1/(-5)) + -3. Let l(v) = v**3 + 4*v**2 - 6*v + 1. Calculate l(f).
6
Suppose -3*s + i + 10 = 0, 2*s + 4 = 5*s - 4*i. Suppose -9 = -3*m, -m = -s*z - 3*m + 10. Let c(w) = 5 + 6*w + 153*w**3 - 6*w**2 - 152*w**3 - z. What is c(5)?
9
Let w(r) = -r**3 - 7*r**2 + 34*r + 40. Let y be w(-10). Let g(o) = 2 + 2 - 2 - 5 + o. What is g(y)?
-3
Let y(v) be the first derivative of v**5/60 - v**4/8 - 10*v**2 - 11. Let q(n) be the second derivative of y(n). Let w = -3 + 7. Calculate q(w).
4
Let c(t) be the second derivative of 13*t**3/6 + 164*t**2 + 705*t. Give c(-26).
-10
Let x(a) = a - 1. Let k(m) = -m. Let z(r) = -2*k(r) - 3*x(r). Let f be (-49)/6 - 501/(-3006). What is z(f)?
11
Let s(l) be the second derivative of -13/6*l**4 - 11*l - 7/60*l**5 - 1/720*l**6 + 0 + 0*l**2 + 0*l**3. Let t(u) be the third derivative of s(u). What is t(-8)?
-6
Let t(j) = -2*j**2 - 8*j - 7. Let d(l) = 3*l**2 + 9*l + 8. Let c(g) = -4*d(g) - 5*t(g). Suppose -u + 4*q = 228 - 210, -q = -4*u - 12. Calculate c(u).
-13
Let j be 13 - 210/(-98)*-7. Let v(n) = 17*n - 2. Let u(g) = 26*g - 3. Let k(r) = 5*u(r) - 8*v(r). What is k(j)?
13
Let a(b) = b**3 - 18*b**2 - 20*b + 16. Let r be (-38)/6*((13 - 9) + -7). Determine a(r).
-3
Let s be (0 - (-1)/(-3))*-6. Let t(w) = w**3 + 97*w**2 + 3*w - 1. Let v(u) = 98*u**2 + u - 3. Let o(b) = t(b) - v(b). What is o(s)?
10
Let d = -70 + 81. Let v(i) = -4 + 3 + d*i + 0 - 9*i. Let n be -2*2 + (0 - 0). Calculate v(n).
-9
Let w(i) = 8 - i - 7 - 15. Let x be (-1)/((2 - 0) + (-55)/27). Suppose 2*u = j + 2*j - x, 9 = u + 3*j. Give w(u).
-8
Suppose 363*n = -475*n + 167*n. Let b(r) = 9*r**2 + 9*r + 3. Let c(y) = -5*y**2 - 5*y - 1. Let x(o) = -4*b(o) - 7*c(o). What is x(n)?
-5
Suppose -65*o - 37 - 78 - 145 = 0. Let f(b) = 2*b - 3. What is f(o)?
-11
Suppose 3*n + 33 = 7*n + 3*d, -3*n + 3*d + 9 = 0. Suppose q + q = n. Let y(x) be the first derivative of x**4/4 - x**3 + 3*x**2/2 - 4*x + 2. Give y(q).
5
Let u(s) = -s**2 + 22*s - 20. Let m(i) = -i**2 + 13*i - 35. Let n be m(8). Let a(t) = -t**2 + 20*t - 17. Let j(d) = n*u(d) - 6*a(d). What is j(9)?
-7
Let y(j) = 55 + 29 + 5*j + 22 - 108. Suppose 5*m = 0, -d + 2*d - 5*m = -3. Determine y(d).
-17
Let c = 94 + -91. Let n(g) = -c + 0 + 18*g - 19*g. Give n(-6).
3
Let j be (-6)/(-4)*(-20160)/1890. Let u(c) = -c**3 - 15*c**2 + 10*c - 28. Calculate u(j).
68
Let d(q) be the first derivative of -q**4/4 + 5*q**3/3 - 3*q**2/2 - 4088. Suppose f + 9 = 4*f. What is d(f)?
9
Let u(r) be the third derivative of -r**5/60 + 5*r**4/24 + 19*r**3/6 + 161*r**2 + 8. Give u(-3).
-5
Let z(t) = t + 6. Let q = 72 + -72. Let n be 0 + q*1*(-5 + 4). Give z(n).
6
Let h(r) = -43*r**2 + 9*r - 76. Let y(s) = 97*s**2 - 16*s + 150. Let q(f) = -9*h(f) - 4*y(f). Calculate q(4).
0
Let x(r) = -6*r - 3. Suppose q + q + d - 1 = 0, 2*d = -10. Suppose u - 2 = 2*n, -q*n = -2*n. Suppose -u = -t - b - 7, 4*t + 2 = 2*b. Calculate x(t).
9
Let d(a) = 2*a - 9. Let v = -4 - -9. Let w be d(v). Let i(g) = -47*g + 2 - 1 + 21*g. Calculate i(w).
-25
Let z = -51 - -27. Let b = 27 + z. Let i(m) = m**2 + 4 - 6*m**2 - m**2 - m**b. What is i(-5)?
-21
Let m(a) be the second derivative of a**5/4 - a**3/6 + a**2/2 + 3*a. Let u be (10 - (-18)/(-3)) + 2/(-2). Suppose -k = -u*k + 2. Determine m(k).
5
Let k(v) = -6*v**2 - 26*v - 6. Let d = 52 + -4. Let q(g) = d*g + 1 - g**2 + 2*g**2 - 43*g. Let u(o) = 3*k(o) + 16*q(o). Calculate u(2).
-6
Let n(s) = s**2 + s. Let w(z) = z**2 + 19*z. Let y(o) = 6*n(o) - w(o). Let q(a) = 6*a**2 - 14*a - 1. Let t(d) = 6*q(d) - 7*y(d). Give t(-6).
-12
Let f(r) = r**3 - 10*r**2 + 3*r + 33. Let g(q) = 3*q**3 - 31*q**2 + 11*q + 98. Let y(k) = -17*f(k) + 6*g(k). Give y(15).
27
Suppo